0). Let q(f) = 2*f - 9. Calculate q(v).
3
Let w(b) = 3*b**2 - 6*b. Let j(d) = 4*d**2 - 5*d + 1. Let o(z) = -2*j(z) + 3*w(z). What is o(8)?
-2
Let h(k) be the first derivative of k**2/2 - 2*k - 18. Let y = -3 - -5. Determine h(y).
0
Let m(w) = w**2 - w + 6. Let v(c) = c**2 + 6*c - 9. Let z be v(-7). Let l be z/((-2)/4*-2). Let i be 3/6*(l - -2). What is m(i)?
6
Let p(v) = -v**2 + v - 10. Let q(g) = -g + 1. Let i(j) = -j**2 + 1. Let o be (0/(-7))/(1 + 1). Let l be i(o). Let z be q(l). Determine p(z).
-10
Let t(q) = -q**2 - 3. Let r(w) = 2*w**2 - w + 3. Suppose 0 = j + 5*o - 22, j - o + 8 = 3*j. Let p(k) = j*r(k) + 3*t(k). What is p(4)?
5
Suppose 4*n = -2*q - 24, 2*q + 0*n = 4*n + 8. Let w(f) = f**3 - 2*f**2 - 6*f - 1. Let m(b) = -b**3 + 3*b**2 + 6*b. Let v(l) = 5*m(l) + 6*w(l). Give v(q).
2
Suppose -2*y = -3*x + 17, -4*y = -x - 3*x + 24. Suppose 2*o = x - 15. Let d(q) = q**2 + 6*q - 3. Determine d(o).
-8
Let s be (-65)/(-25) + (-4)/(-10). Let a(r) = s*r**2 + 9*r**3 + 0*r + r - r**2. Give a(-1).
-8
Let d(g) be the third derivative of -g**4/12 - g**3/2 + 30*g**2. Calculate d(-5).
7
Let u be (-17)/(-4) - (-15)/(-60). Let v(d) = -4 - d**2 - u*d + 4 - 3. Calculate v(-4).
-3
Let d(h) = -h**2 + 2*h + 3. Let p be (15/(-6) + 1)*-2. Suppose -p*m = -s, 0*m + m - 1 = 0. What is d(s)?
0
Let r(k) = k**2 + 10*k + 9. Let c be r(-7). Let n = c + 8. Let y(u) be the third derivative of -u**4/24 + u**3/6 + u**2. What is y(n)?
5
Let u(p) = p**2 + p + 1. Let d be u(-1). Let g(b) = 0 - d + 2 + b. Let z be 2/4 - ((-147)/14 + 7). What is g(z)?
5
Let q(i) = -13*i**3 - i**2 - 10*i - 4. Let s(p) = -28*p**3 - p**2 - 21*p - 9. Let a(r) = 13*q(r) - 6*s(r). Determine a(-6).
-10
Let y = 42 - 41. Let s(u) = 8*u**2 - u + 1. Give s(y).
8
Let l(w) = -w - 5. Let o(v) = -v**3 + v**2 + 4*v + 1. Let d be o(3). What is l(d)?
0
Let l(z) = z - 4. Let r be l(8). Suppose -2*i + 4*c + 0*c = 6, -r*i - 3 = c. Let k(u) = -2*u**2. Give k(i).
-2
Suppose 8 = -2*i + 2*n, -5*i + i - 3*n - 51 = 0. Let b(k) = -k**2 - 7*k + 10. What is b(i)?
-8
Let b(w) = -w**3 + 3*w**2 + 6*w - 2. Let j be b(4). Let p(d) = -d**3 + 6*d**2 + d - 2. Calculate p(j).
4
Let q(b) = 2*b + 5. Let a(m) = -2*m - 5. Let j(k) = -7*a(k) - 6*q(k). Give j(5).
15
Let z(y) be the first derivative of y**2 + 10*y - 32. Give z(-7).
-4
Let r(p) = p**3 + p - 1. Let v(t) = 2*t**3 + t - 2. Let u(g) = -r(g) + v(g). Calculate u(1).
0
Let g = 9 - 13. Let y(i) = -i + 0*i**2 + 1 - i**3 + 4*i + 3*i**2 - 6*i**2. Calculate y(g).
5
Let j(b) be the second derivative of 5*b**3/3 - b**2 + b. Let r(a) = -a - 1. Let o(z) = -j(z) + r(z). Give o(1).
-10
Suppose w + 8 = 3*w + a, 6 = 3*a. Suppose -o = -w*o. Let k(f) be the first derivative of f**4/4 + f**3/3 - f**2/2 + 7*f + 1. Calculate k(o).
7
Let l(c) be the third derivative of 1/20*c**6 + 1/6*c**3 + 0*c + 0*c**5 + 0*c**4 - c**2 + 0. Let j(u) = u**2 - 8*u + 11. Let o be j(6). What is l(o)?
-5
Let v = 6 + -4. Let u(o) = v - 2*o**2 - 4 + 1 - 2*o. Give u(-1).
-1
Let r(m) be the second derivative of 2*m**3/3 - 2*m**2 + m. Calculate r(3).
8
Let n(d) = d**2 - 2*d - 2. Let m(i) = -18*i + 8*i - 6 - 4 - 4*i - i**2. Let y be m(-13). Determine n(y).
1
Suppose -k = p - 9, -5*k + 0*p = -p - 15. Suppose -k*b + 10 = 26. Let r(m) = -m**3 - 4*m**2 - 5. Determine r(b).
-5
Suppose 0 = -5*k + 9*k - 20. Suppose -5 = -0*c + k*c. Let d(n) be the second derivative of -7*n**4/12 - n**3/6 - n**2/2 - n. Determine d(c).
-7
Let f be 0 - (-2 - (-1 + -2)). Let c be 3/(5/2 + -1). Let b(w) = 3 - 2 - 3*w**2 + w**c - w**3. Calculate b(f).
0
Suppose 0 = d - 0*d - 16. Let x(f) = 11 + 8 + 2*f - d. What is x(-4)?
-5
Let v = -8 - -6. Let r(g) = 2*g + 1. Let y be r(1). Let m = v + y. Let z(a) = -a**3 + a**2 - 1. What is z(m)?
-1
Let h(t) = 2*t + 5. Let c = -13 - -19. Let l be (-88)/24 - 2/c. Determine h(l).
-3
Let v(w) = -w + 3. Suppose 0*z = -z. Suppose 5*j - 3 + 18 = z. Determine v(j).
6
Let u(k) = k**3 - 10*k**2 + 8*k + 11. Let c be u(9). Let o(t) = -7*t + 1. Calculate o(c).
-13
Let i(l) = l**2 - 2*l + 10. Let q(p) = 2*p**2 - 3*p + 19. Let s(m) = 11*i(m) - 6*q(m). Suppose -42 + 57 = -5*j. Calculate s(j).
-1
Suppose -8*n - 3 = -9*n. Let p(v) = -2*v - 6*v**2 - 2*v**n + v**3 + 0*v**3 - 6. Calculate p(-6).
6
Let p(q) = q**2 - 6*q + 5. Let d(r) = r**3 - r**2 - 2. Let i be d(2). Let y be (1 - i)*(-2 - -2). Let k be (-2 - 6/(-1)) + y. Give p(k).
-3
Let d be (-1 + 4)*(-9)/27. Suppose 0*r = -2*r + 6. Let w(n) = -1 - n + 3*n - 5*n**r - 3*n. Give w(d).
5
Let t be ((-20)/6)/((-4)/6). Suppose 2 + 18 = 2*d - t*p, 3*d = p + 4. Let i(b) = -b**2 + b - 10. Determine i(d).
-10
Let u(z) = z**2 + 6*z - 3. Let n = 26 + -11. Let o be (2/3)/((-2)/n). What is u(o)?
-8
Suppose 0 = 4*i - 7*i + 15. Let n(b) = b**2 - 7*b + 6. What is n(i)?
-4
Let u(y) = 5*y - 8. Let b(s) = 11*s - 17. Let f(n) = 6*b(n) - 13*u(n). Let o be 2/6 - 7/21. Suppose -d = -3*v - 5, -d = 2*v - o - 5. What is f(v)?
2
Let g(s) be the third derivative of s**6/120 + s**5/10 - s**4/8 - 5*s**3/6 + 20*s**2. Determine g(-7).
-33
Let z(s) = s - 3. Let w(m) = -2*m + 4. Let l(o) = 3*w(o) + 4*z(o). Determine l(-5).
10
Let x(z) = z**2 - 6*z + 3. Let c be 6/(-2) - 49/(-7). Determine x(c).
-5
Suppose 35*z = 32*z - 6. Let x(q) = 4*q + 3. Calculate x(z).
-5
Let z be (13 + -1)*3/9. Suppose -2*v + x = -0*x - 5, -z*x + 4 = 0. Let u(a) be the first derivative of -a**4/4 + 2*a**3/3 + a**2 + 3*a - 1. What is u(v)?
0
Let m(o) = o + 5. Suppose 4*g + 3*l = 8 - 35, -4*l = 2*g + 16. What is m(g)?
-1
Let x(z) = -4*z - 4. Let q(h) = -8*h - 9. Let g(s) = 2*q(s) - 5*x(s). Give g(-2).
-6
Let n(f) = -3 + 4 - 2*f + 3*f. Suppose 0 = 5*u - 91 + 31. Suppose 0*k - 3*k = -u. What is n(k)?
5
Let a(j) be the second derivative of 1/6*j**3 + 0 - j + 3/2*j**2. Calculate a(5).
8
Let f(j) = -11*j**2 + 5*j + 7. Let r(a) = -5*a - 5 + a - 1 + 11*a**2. Let u(z) = -5*f(z) - 6*r(z). Determine u(1).
-11
Let q(w) be the first derivative of -w**4/4 + 2*w**3 - 7*w**2/2 + 6*w - 5. Suppose -5*k - 35 = -3*j, -k = -3*j - 0*k + 19. Determine q(j).
-4
Suppose -u + 1 - 4 = 0. Let m(w) = w**3 + 3*w**2 - w - 1. Let b be m(u). Let s(j) = -j - 5*j**b + 5*j + j**3 - 3*j + 5. Determine s(5).
10
Let z be 8/(-4) + (7 - 1). Let h(l) = -z*l - 7*l**2 + 8 - 2*l**3 + 2*l + l**3 - 3*l. Calculate h(-6).
2
Let d(n) = -n**3 + 8*n**2 + 8*n + 4. Let o be d(9). Let j = o - 0. Let m(s) = -s**2 - 4*s + 7. Calculate m(j).
2
Let y(l) be the second derivative of -l**3/6 + l**2/2 + 26*l. Determine y(-3).
4
Let v(x) be the first derivative of -1 + 0*x**2 + x + 7/6*x**3. Let u(w) be the first derivative of v(w). What is u(1)?
7
Let h be ((-5)/3)/(1/3). Let g(o) = -15*o - 17. Let d(u) = 7*u + 8. Let p(f) = 13*d(f) + 6*g(f). Determine p(h).
-3
Suppose -5*u = 28 - 8. Let q be (15/10)/(3/u). Let l(k) = 1 - 3*k + 6*k + 2. What is l(q)?
-3
Suppose 10 = l - 0. Let p(d) = 4*d**3 - 5*d**3 - 4*d**2 + l*d + 9 - 2 - 3*d. Determine p(-5).
-3
Let z(l) = -4*l + 13. Let t be z(-9). Suppose -4*s + 15 = -t. Suppose -10 = -5*n, -g - 3*g - s = -4*n. Let r(c) = -2*c**2 - 2*c + 2. What is r(g)?
-2
Suppose 0 = 3*z + 5*v - 28, -3*v = 5*z - 4*v. Let f(t) = 4*t - t**2 + 5*t**3 - 3*t**3 - 3*t. Give f(z).
2
Let c(j) = j**3 - 4*j**2 - 6*j + 2. Let w be c(5). Let g(t) = 6*t**2 + 2*t - 5. Let z(q) = -5*q**2 - 2*q + 4. Let h(l) = -4*g(l) - 5*z(l). Calculate h(w).
3
Suppose 24 = -o - 2*a - 3*a, a + 8 = 3*o. Let y(n) be the third derivative of 0 + 0*n + 1/6*n**3 - 2*n**2 - 1/12*n**4 - 1/15*n**5. Calculate y(o).
-5
Let s be (-4)/14 - (-80)/35. Let c(f) = -f**3 + 4*f**2 - 3*f + 1. Give c(s).
3
Let b(s) = -4*s - 1. Let d = -39 - -37. Calculate b(d).
7
Let g(k) = 5*k - 6. Let h = 4 + -1. Let o(x) = 2*x - 2. Let d(m) = h*g(m) - 8*o(m). Suppose -4*b + 3*b - 5 = 0. Calculate d(b).
3
Let w(g) = -6*g - 8 + 10*g + 0*g. Let d(v) = -5*v + 9. Let k(t) = 5*d(t) + 6*w(t). What is k(6)?
-9
Let j be 6/8 + (-9)/12. Let z(u) = u - 2*u - 2 + 3*u + 2*u**2 + j*u. What is z(-3)?
10
Let b(t) = -t**2 - 6*t - 7. Let r(p) = p**2 - 7*p - 2. Let j be r(7). Let k be 39/(-6) - (-1)/j. Let q = k + 2. What is b(q)?
-2
Let l(d) = -d**2 - 6*d + 4. Let r be l(-6). Suppose -4*o - 9 = -25. Suppose -2 = -r*a + 2*a + o*f, f = 3*a - 3. Let y(c) = -6*c**2 + c. Give y(a).
-5
Let j(k) = -4*k - 1. Let n = 2 - 0. Determine j(n).
-9
Suppose 0 = -d - d - r + 5, 3*d +